eatest common divisor of 14 and d.
14
Let j = -3559 - -3769. Calculate the greatest common factor of 84 and j.
42
Let q be 1*-6*(-28)/3. Let j = 359 + -347. Suppose j*x - 27 - 57 = 0. What is the highest common divisor of x and q?
7
Let i be 0 + (-30)/(-42) - 16935/(-105). Calculate the highest common divisor of i and 5913.
81
Let q(c) = -c**2 - 29*c + 631. Let l be q(14). Calculate the greatest common factor of 39005 and l.
29
Let t(x) = x**3 - 25*x**2 - 15*x - 94. Let q be t(26). Calculate the highest common factor of q and 1104.
48
Suppose 76*f - 2379 = 15*f. Suppose -47*k + f*k = -440. Calculate the greatest common factor of 33 and k.
11
Let j(z) = z**2 - 43*z + 399. Let q be j(12). Calculate the greatest common factor of q and 3.
3
Suppose 5*v + h = 463, h - 1 = -3. Let f = v + 357. Calculate the greatest common divisor of 15 and f.
15
Let g be (10/7)/((-19)/(-665)). Let c = g + -48. Suppose -c*h = 2*h - 4. What is the highest common factor of 5 and h?
1
Suppose -5*b + 0 = -3*r + 15, 2*b + 20 = 4*r. Suppose b = 128*v - 136*v + 2960. What is the greatest common divisor of v and 10?
10
Suppose -36 = 474*g - 480*g. Let s be -5 + 14 + (-2)/(-12)*g. Let l(y) = 8*y**2 + y. Let i be l(-2). Calculate the greatest common factor of s and i.
10
Let v = 53 - 8. Let q be v/6*(3 - (-11)/(-5)). Let p be (63 - (-5 + 1)) + -1. Calculate the greatest common factor of p and q.
6
Let c(g) = -269*g + 1892. Let f be c(7). Suppose 5*w - 184 + 64 = 0. Calculate the greatest common divisor of f and w.
3
Let n(b) = -12*b. Suppose -6 = i - 3*c + 4*c, -3*i + 4*c + 17 = 0. Let z be n(i). Let p = 28 - -2. Calculate the greatest common divisor of z and p.
6
Let b = -33 - -48. Let d be (-2716)/(-20) + (-60)/75. Calculate the highest common divisor of d and b.
15
Let a = -654 - -1149. Suppose 2*b = 3*t + 381, -4*b - 4*t + 112 = -700. Calculate the greatest common factor of a and b.
99
Let s = 835 + -821. Suppose -s*n + 12*n + 30 = -3*v, 0 = 5*n + 3*v - 96. What is the highest common factor of 96 and n?
6
Let g = -11 + 14. Let n(a) = 25*a**3 + 4*a**2 - 5*a + 6. Let w be n(g). Suppose 7*l = 10*l - w. Calculate the greatest common divisor of 26 and l.
26
Let w(o) = 4*o**2 + 83*o - 271. Let k be w(-32). Calculate the highest common divisor of k and 56.
7
Let g(i) = -184*i + 3894. Let z be g(21). What is the greatest common factor of 190 and z?
10
Suppose 5*i + 3*g - 117 = 2*i, 0 = 4*i + 3*g - 151. Suppose 68 = -2*d + 4*d. Calculate the highest common factor of d and i.
34
Let h = -136 + 147. Suppose -6*j = -241 - h. Calculate the greatest common divisor of j and 18.
6
Let i(n) = -n**3 - 29*n**2 - 140*n + 122. Let m be i(-23). Calculate the highest common divisor of m and 7896.
168
Let m = 31384 + 641. Calculate the highest common divisor of m and 50.
25
Suppose 302*m - 1848 = 288*m. Calculate the greatest common factor of 984 and m.
12
Let l = -23691 + 23837. Calculate the greatest common factor of l and 18761.
73
Let d(y) = 44*y**2 - 125*y + 360. Let l be d(3). Calculate the greatest common divisor of 6 and l.
3
Suppose -5*q + 3*z + 28 = 1, -11 = 3*q + 5*z. Suppose 86 = 2*y + 2*o, q*y + 55 = -4*o + 183. Calculate the greatest common factor of y and 11.
11
Let u be (27/3)/((-6)/(-4)). Suppose -2*t + u + 6 = 0. Let l be (36/(-10))/(6*(-4)/60). Calculate the highest common factor of l and t.
3
Suppose -5*a + 74 = z, -5*a = -4*z + z - 78. Let d be -1 - a/(-5) - -64. Calculate the greatest common divisor of 6 and d.
6
Let a be (-8)/(-84) + (-5440)/(-210). What is the highest common factor of a and 2314?
26
Suppose 0 = -3*q + 4*j + 1039, -q + 258 = -j - 90. Let x be q/7 + -1 + (-124)/(-217). Calculate the highest common divisor of 2 and x.
2
Let k be (-104)/(-28) - 22/(-77). Suppose 69 = k*p - 255. Calculate the greatest common divisor of 45 and p.
9
Let s = 3676 - 3621. What is the highest common divisor of 3355 and s?
55
Let z be 584/12*3/2. Suppose -50*t - 1024 = -52*t + 2*w, -4 = 4*w. Calculate the highest common divisor of t and z.
73
Suppose t = 5*b - 810, -t + 317 = -0*b + 2*b. Let x be 16/6*(-1)/(2/120). Let p = 183 + x. Calculate the highest common factor of b and p.
23
Suppose 20 + 8 = 4*u. Let o be (-4)/1*1887/6. Let c = o - -1265. Calculate the highest common divisor of u and c.
7
Let s(p) = p**2 + 8*p + 89. Let q be s(-8). Suppose 3*w + 5*h - 295 = 0, -4*h + q = w - 7. Calculate the greatest common factor of 75 and w.
25
Suppose 0 = -0*g + 5*g - 2*q - 115, 0 = 3*g + q - 58. Let y = 81 - g. Suppose 0 = -4*m - 20, m + 95 = 3*b + 18. Calculate the highest common factor of y and b.
12
Suppose m - 92 = -11. Suppose 0 = 8*u - 512 + 16. Let l = m - u. What is the greatest common factor of l and 171?
19
Let v be 191/18*2 + (-30)/135. Let l be v/(-35) - 4/10. Let n be ((-145)/(-15) - l) + (-1)/(-3). Calculate the highest common divisor of 44 and n.
11
Let n = -32 - -120. Suppose -4*j = -6*j - 168. Let g be (-24)/j - 54/(-7). What is the highest common divisor of n and g?
8
Suppose -4*q + 30 = 2*l, 0*q = 4*l - 2*q - 40. Let y be 15/20*(-24)/(-9). Let s be (8/y - 3) + 10. Calculate the greatest common factor of l and s.
11
Let a = 1776 + -1764. Let z be 10 + -3 + -3 + 1. Suppose -z*x = -107 - 13. What is the greatest common divisor of x and a?
12
Suppose 381*t - 572*t + 13370 = 0. Let s(h) = h**3 + 6*h**2. Let m be s(-6). Suppose m = 67*a - t*a + 273. What is the highest common factor of 13 and a?
13
Let z = -1626 - -1914. Suppose -2*n - 3*j - 211 = -7*n, 5*n = -4*j + 197. Suppose -9 = a - n. What is the highest common divisor of a and z?
32
Suppose 3*x + f - 3129 = 0, 2*x + 22*f - 2096 = 18*f. What is the greatest common factor of 2 and x?
2
Let x = -54 - -70. Let h be -2*1 + 128/4. Let z be 1445/h + 2/(-12). Calculate the greatest common divisor of z and x.
16
Let b be 6/(-7)*(51359/(-69))/29. What is the greatest common factor of 5456 and b?
22
Suppose v - 200 = -v - 4*c, -3*v + 2*c + 284 = 0. Suppose -2*b = q - 95, -2058*b - 196 = -2062*b + 4*q. Calculate the highest common factor of b and v.
48
Suppose 2*m - 8 = 12. Let d be 60/((-9)/(135/(-6))). Suppose d = 12*i - 8*i + 5*w, 5*i + 5*w = 190. What is the highest common factor of i and m?
10
Let f(u) = -u**3 - 63*u**2 - 125*u - 1. Let g be f(-61). Calculate the highest common divisor of 14 and g.
14
Suppose 5*u + 1765 = -34*n + 37*n, -5*u - 2965 = -5*n. What is the greatest common divisor of n and 675?
75
Let f(x) = x**3 - 20*x**2 + 42*x - 815. Let r be f(20). Calculate the greatest common divisor of 565 and r.
5
Let x(r) = -r**2 - 10*r + 29. Let w be x(-12). Suppose -2*u - 56 = -2*n, 2*u + 5 = -w*n + 166. What is the highest common factor of n and 93?
31
Suppose -10531798 = 5*f - 153*f - 2326086. What is the highest common factor of f and 332?
332
Suppose -3*v + 3*b + 423 = 0, v - 10*b + 13*b = 121. Let a be (-4 - v/(-6))*6/4. What is the highest common factor of a and 14?
14
Suppose -3*m - 5*y = 8, -5*m + 466*y + 24 = 465*y. Calculate the highest common divisor of 2542 and m.
2
Suppose -6*p = -120 - 108. What is the greatest common divisor of 19 and p?
19
Let b = 60 + -54. Let a be (-21*b/(-12))/(6/8). Calculate the greatest common factor of a and 98.
14
Let y = -51 - -45. Let j(l) = 2*l**2 + 4*l - 15. Let i be j(y). Suppose i = 28*b - 25*b. Calculate the highest common factor of 33 and b.
11
Let g = -17207 - -17225. Calculate the greatest common divisor of g and 2130.
6
Let r be (-566)/(-3) - (-1)/3. Let q(i) = 27*i - 3. Let k be q(1). Suppose -4*p + 132 - k = 0. Calculate the greatest common factor of p and r.
27
Let k be (12/(-5))/((-7)/((-5250)/5)). Let g be (-23448)/k - (-2)/(-15). What is the highest common divisor of 13 and g?
13
Suppose 3*x = 5*c - 247, 2*x + 18 = 4*c - 178. Calculate the highest common divisor of c and 2209.
47
Let u(z) = -306*z**3 - 6*z**2 - 5*z + 5. Let f be u(-2). Calculate the greatest common factor of f and 9.
9
Let d(t) = 1466*t - 954. Let g be d(1). What is the greatest common divisor of g and 184?
8
Let t be ((-88)/8)/(-11)*248/1. Let d be (34 - 32)*(-4 - 0)*-1. What is the greatest common factor of d and t?
8
Let k(o) = -21*o - 166. Let x be k(-8). Let b(d) = 4*d + 24. Let q be b(-5). Let m be -1 + (q - (-11 + 1)). Calculate the greatest common factor of m and x.
1
Let k = -30 - -33